{"id":120,"date":"2020-08-21T19:43:29","date_gmt":"2020-08-21T19:43:29","guid":{"rendered":"https:\/\/www.kropogpsykomotorik.dk\/?page_id=120"},"modified":"2023-11-06T20:03:32","modified_gmt":"2023-11-06T20:03:32","slug":"holdundervisning","status":"publish","type":"page","link":"https:\/\/www.kropogpsykomotorik.dk\/index.php\/about-2\/holdundervisning\/","title":{"rendered":"Holdundervisning"},"content":{"rendered":"\n<p>Et hold har typisk 10 m\u00f8degange og varer 90 min. pr. gang. Du betaler for hele forl\u00f8bet f\u00f8rste gang.<\/p>\n\n\n\n<p>Der kan v\u00e6re l\u00f8bende optag, hvis et hold ikke er fuldt booket. I de tilf\u00e6lde betaler du kun for de resterende gange, og alts\u00e5 ikke for hele forl\u00f8bets pris.<\/p>\n\n\n\n<p>Grundet corona og krav om plads, har vi sm\u00e5 hold p\u00e5 max 6 deltagere. <\/p>\n\n\n\n<p> <\/p>\n\n\n\n<h4 class=\"wp-block-heading has-text-align-center\">Se mere om de forskellige hold herunder:<\/h4>\n\n\n\n<div class=\"wp-block-buttons is-content-justification-center is-layout-flex wp-container-core-buttons-is-layout-a89b3969 wp-block-buttons-is-layout-flex\">\n<div class=\"wp-block-button is-style-fill\"><a class=\"wp-block-button__link has-background wp-element-button\" href=\"#snr\" style=\"background-color:#e20004\">Skuldre, nakke <br>og ryg<\/a><\/div>\n\n\n\n<div class=\"wp-block-button\"><a class=\"wp-block-button__link has-background wp-element-button\" href=\"#tm\" style=\"background-color:#e20004\">Tr\u00e6ning &amp;<br> mindfulness<\/a><\/div>\n\n\n\n<div class=\"wp-block-button\"><a class=\"wp-block-button__link has-background wp-element-button\" href=\"#vb\" style=\"background-color:#e20004\">B\u00e6kkenbund<br>og inkontinens<\/a><\/div>\n\n\n\n<div class=\"wp-block-button\"><a class=\"wp-block-button__link has-background wp-element-button\" href=\"#o\" style=\"background-color:#e20004\">Osteoporose<br>(knoglesk\u00f8rhed)<\/a><\/div>\n<\/div>\n\n\n\n<h2 class=\"wp-block-heading\" id=\"snr\">Skuldre, nakke og ryg-hold<\/h2>\n\n\n\n<p><em>Lider du af smerter i ryggen, sp\u00e6ndinger og hovedpiner? S\u00e5 tilmeld dig dette hold.&nbsp;<\/em><\/p>\n\n\n\n<p>I undervisningen vil vi have fokus p\u00e5 muskelgrupperne omkring skuldre, ryg og nakke. Vi arbejder med kropsholdningen, s\u00e5 du bliver mere bevidst om, hvordan du g\u00e5r og st\u00e5r. P\u00e5 den m\u00e5de l\u00e6rer du, hvordan du selv kan afhj\u00e6lpe generne i hverdagen.&nbsp;<\/p>\n\n\n\n<h2 class=\"wp-block-heading\" id=\"tm\">Tr\u00e6ning og mindfulness<\/h2>\n\n\n\n<p><em>Back to basics. En god omgang all-round tr\u00e6ning, hvor hele kroppen tr\u00e6nes igennem med str\u00e6k og bev\u00e6gelse og afsluttes med en guidet mindfulness.<\/em><\/p>\n\n\n\n<p>Vi vil arbejde kroppen godt igennem med smidigg\u00f8rende og styrkende \u00f8velser, der b\u00e5de styrker kroppen og hj\u00e6lper den med at slippe sp\u00e6ndinger. Fokus vil v\u00e6re p\u00e5, at lytte til din krop, s\u00e5 du undg\u00e5r at overskride dine egne gr\u00e6nser og behov.<\/p>\n\n\n\n<p>Mindfulness er en opm\u00e6rksomhedstr\u00e6ning, hvor vi \u00f8ver os i, at v\u00e6re tilstede i nuet og acceptere hvad end der m\u00e5tte v\u00e6re af tanker og f\u00f8lelser. Vil du \u00f8ge din kropsbevidsthed og bruge den som guide til at kunne h\u00e5ndtere sv\u00e6re situationer? S\u00e5 er dette hold bestemt noget for dig.&nbsp;<\/p>\n\n\n\n<h2 class=\"wp-block-heading\" id=\"vb\">Velfungerende b\u00e6kkenbund (inkontinenstr\u00e6ning)<\/h2>\n\n\n\n<p><em>G\u00f8r dig selv en tjeneste og tilmeld dig dette hold, hvis du ogs\u00e5 oplever problemer med din b\u00e6kkenbund.<\/em><\/p>\n\n\n\n<p>1 ud af 4 kvinder oplever, at deres b\u00e6kkenbundsproblemer h\u00e6mmer deres dagligdag. Der opleves fx inkontinens, smerter, tyngende fornemmelser eller smerter ved samleje. Ofte kan generne afhj\u00e6lpes\/kureres ved regelm\u00e6ssig tr\u00e6ning af b\u00e6kkenbunden. P\u00e5 dette hold vil du l\u00e6re \u00f8velser og kropsbevidsthed, som styrker og tr\u00e6ner din b\u00e6kkenbund, s\u00e5 du kan t\u00e6nke din b\u00e6kkenbund ind i dine hverdagsbev\u00e6gelser, og komme dine gener til livs p\u00e5 en sk\u00e5nsom m\u00e5de. Du tr\u00e6ner nemlig ikke b\u00e6kkenbund \u201cbare\u201d ved at klemme sammen. P\u00e5 dette hold vil fokus derfor v\u00e6re p\u00e5, at du f\u00e5r fat i lige pr\u00e6cis de muskler, som h\u00f8rer til b\u00e6kkenbunden.<\/p>\n\n\n\n<h2 class=\"wp-block-heading\" id=\"o\">Osteoporose (knoglesk\u00f8rhed)<\/h2>\n\n\n\n<p>Er du bange for at bev\u00e6ge dig pga. din osteoporose-diagnose? P\u00e5 dette hold arbejder vi med at styrke knoglerne med afsp\u00e6ndende bev\u00e6gelser, s\u00e5 du bliver mere smidig og igen f\u00e5r modet til at f\u00e5 mere bev\u00e6gelse ind i din hverdag.&nbsp;<\/p>\n\n\n\n<p>Vi vil ogs\u00e5 gennemg\u00e5 noget teori omkring osteoporose, s\u00e5 du er helt med p\u00e5, hvad der sker i din krop.&nbsp;<\/p>\n\n\n\n<h2 class=\"wp-block-heading\">Pris og varighed for holdundervisning:<\/h2>\n\n\n\n<div class=\"wp-block-columns is-layout-flex wp-container-core-columns-is-layout-28f84493 wp-block-columns-is-layout-flex\">\n<div class=\"wp-block-column is-layout-flow wp-block-column-is-layout-flow\" style=\"flex-basis:66.66%\">\n<ul class=\"wp-block-list\">\n<li>90 min. x 10 m\u00f8degange<\/li>\n<\/ul>\n<\/div>\n\n\n\n<div class=\"wp-block-column is-layout-flow wp-block-column-is-layout-flow\" style=\"flex-basis:33.33%\">\n<p>Kr. 980<\/p>\n<\/div>\n<\/div>\n\n\n\n<hr class=\"wp-block-separator has-css-opacity is-style-dots\"\/>\n\n\n\n<div class=\"wp-block-buttons is-content-justification-center is-layout-flex wp-container-core-buttons-is-layout-a89b3969 wp-block-buttons-is-layout-flex\">\n<div class=\"wp-block-button\"><a class=\"wp-block-button__link has-background wp-element-button\" href=\"https:\/\/krop-og-psykomotorik.planway.com\" style=\"background-color:#e20004\">Book hold<\/a><\/div>\n<\/div>\n","protected":false},"excerpt":{"rendered":"<p>Et hold har typisk 10 m\u00f8degange og varer 90 min. pr. gang. Du betaler for hele forl\u00f8bet f\u00f8rste gang. Der kan v\u00e6re l\u00f8bende optag, hvis et hold ikke er fuldt booket. I de tilf\u00e6lde betaler du kun for de resterende gange, og alts\u00e5 ikke for hele forl\u00f8bets pris. Grundet corona og krav om plads, har<a class=\"more-link\" href=\"https:\/\/www.kropogpsykomotorik.dk\/index.php\/about-2\/holdundervisning\/\">Continue reading <span class=\"screen-reader-text\">&#8220;Holdundervisning&#8221;<\/span><\/a><\/p>\n","protected":false},"author":1,"featured_media":0,"parent":36,"menu_order":0,"comment_status":"closed","ping_status":"closed","template":"","meta":{"footnotes":""},"class_list":["post-120","page","type-page","status-publish","hentry","entry"],"jetpack_sharing_enabled":true,"_links":{"self":[{"href":"https:\/\/www.kropogpsykomotorik.dk\/index.php\/wp-json\/wp\/v2\/pages\/120","targetHints":{"allow":["GET"]}}],"collection":[{"href":"https:\/\/www.kropogpsykomotorik.dk\/index.php\/wp-json\/wp\/v2\/pages"}],"about":[{"href":"https:\/\/www.kropogpsykomotorik.dk\/index.php\/wp-json\/wp\/v2\/types\/page"}],"author":[{"embeddable":true,"href":"https:\/\/www.kropogpsykomotorik.dk\/index.php\/wp-json\/wp\/v2\/users\/1"}],"replies":[{"embeddable":true,"href":"https:\/\/www.kropogpsykomotorik.dk\/index.php\/wp-json\/wp\/v2\/comments?post=120"}],"version-history":[{"count":11,"href":"https:\/\/www.kropogpsykomotorik.dk\/index.php\/wp-json\/wp\/v2\/pages\/120\/revisions"}],"predecessor-version":[{"id":1772,"href":"https:\/\/www.kropogpsykomotorik.dk\/index.php\/wp-json\/wp\/v2\/pages\/120\/revisions\/1772"}],"up":[{"embeddable":true,"href":"https:\/\/www.kropogpsykomotorik.dk\/index.php\/wp-json\/wp\/v2\/pages\/36"}],"wp:attachment":[{"href":"https:\/\/www.kropogpsykomotorik.dk\/index.php\/wp-json\/wp\/v2\/media?parent=120"}],"curies":[{"name":"wp","href":"https:\/\/api.w.org\/{rel}","templated":true}]}}